Let n be 0 - 0 - (8 + 1). Let q = 31 + n. Calculate the remainder when q is divided by r.
6
Let u be ((-24)/(-27))/4 - (-9015)/135. Suppose 5*q = l + 181, 2*q + 2*l = -3*l + u. What is the remainder when 71 is divided by q?
35
Suppose 6*h - 430 = h - t, -h + 112 = -5*t. Let p = h + 115. Let x = 50 + -16. Calculate the remainder when p is divided by x.
32
Suppose -50144*q = -50135*q - 261. Suppose -k - o = -64, -k + 2*o = -0*o - 79. What is the remainder when k is divided by q?
11
Let i(a) = -4*a**2 - 168*a + 207. What is the remainder when 2306 is divided by i(-43)?
31
Let f be ((-1971)/36)/((-2)/8). Suppose -2*s + f - 55 = 0. Let b = 35 - 18. Calculate the remainder when s is divided by b.
14
Suppose n - 3*j = -660, -5*n + j - 3332 = 2*j. Let a = n + 671. What is the remainder when 38 is divided by a?
3
Let m = 1233 - 1193. Let b = 288 - -189. Calculate the remainder when b is divided by m.
37
Let n(w) = 93*w**3 - 2*w - 1. Let p be n(-1). Let f = p + 206. What is the remainder when f is divided by 11?
4
Let y(b) = -760*b + 85. What is the remainder when y(0) is divided by 12?
1
Let a(y) be the first derivative of 4*y**3/3 - 7*y**2/2 + 3*y + 140. What is the remainder when 222 is divided by a(4)?
27
What is the remainder when (-178146)/(-70) - 532/(-9310) is divided by 49?
46
Let z = 19860 + -17412. What is the remainder when z is divided by 29?
12
Let m(c) = c**3 - 5*c**2 + 3*c - 3. Let n be m(4). Let t(d) = d**2 + 3*d - 9. Let y = 1445 - 1370. What is the remainder when y is divided by t(n)?
18
Let d = -321 + 349. Suppose 9*l + d = 16*l. What is the remainder when 11 is divided by l?
3
Let t(o) be the third derivative of o**5/60 + o**4/24 - 2*o**3 - 3*o**2. Let r = -516 - -530. Calculate the remainder when r is divided by t(-5).
6
Let p(f) = 20*f + 2142. What is the remainder when p(-99) is divided by 17?
9
Let o(p) = 7*p - 23. Let i be o(-13). Let k(d) = -11*d - 13. What is the remainder when ((i/(-4))/(-3))/(2/(-12)) is divided by k(-3)?
17
Let w = 305 + 973. Calculate the remainder when w is divided by 28.
18
Let j be (-6372)/(-396) - 2/22. Suppose 2*d = -15*u + j*u + 48, d - 24 = -3*u. Let o = -37 + 82. Calculate the remainder when o is divided by d.
21
Let j(i) = -i**2 - 6*i - 3. Suppose 11*u - 2*u = -90. Calculate the remainder when -1*(28/u)/(26/65) is divided by j(-2).
2
Let r = 5760 - 5640. Calculate the remainder when 2158 is divided by r.
118
Suppose -3*s - 3*n + 30 = 0, 5*s + 3*n - 14 = 44. Let k = 4913 + -4845. Calculate the remainder when k is divided by s.
12
Suppose 4*v + 96 = 40. Let b(k) = -k + 14. Let o be b(v). Let d = o - 17. Calculate the remainder when 75 is divided by d.
9
Suppose 2*n - 3*n = 29*n - 1590. Calculate the remainder when 171 is divided by n.
12
Let h(q) = -q**2 - 13*q - 1. Let z be h(-15). Let a = -29 - z. Suppose -2*l - 141 = 2*w - 7*w, 4*w = -a*l + 102. Calculate the remainder when w is divided by 6.
3
Suppose 2*o + 4*f = 1510, -54*f = o - 53*f - 759. What is the remainder when o is divided by 153?
151
Suppose 558*j - 7908 = 147*j + 662433. What is the remainder when j is divided by 812?
7
Let h be (145/58)/((-1)/4*-5). Suppose 0 = 5*l - 4*t - 155, 4*t + 79 = h*l + 29. Calculate the remainder when 1154 is divided by l.
34
Suppose -77 = -3*s + p, -p = 4*s - 0*p - 112. Suppose 0 = 466*j - 397*j - 7107. What is the remainder when j is divided by s?
22
Let s = 25199 - 25190. Let l = 202 + -124. What is the remainder when l is divided by s?
6
Let n(h) be the second derivative of -2*h + 2*h**2 - 7/12*h**4 - 1/20*h**5 + 5 + 1/2*h**3. What is the remainder when 131 is divided by n(-8)?
43
Let y = -5331 - -5356. Calculate the remainder when 1674 is divided by y.
24
Suppose 274*n = 231*n + 989. Calculate the remainder when 1234 is divided by n.
15
Let j be -111*99/162 + 4/(-24). Let c(t) = -t**3 + 9*t**2 + 2*t - 2. Let r be c(8). Let z = j + r. What is the remainder when 28 is divided by z?
8
Let h(l) = -200*l - 3714. Calculate the remainder when h(-19) is divided by 69.
17
Let w(r) be the second derivative of r**3/6 + 23*r**2 + r + 3. Calculate the remainder when 192 is divided by w(-18).
24
Let g = 4437 + -3922. What is the remainder when g is divided by 119?
39
Suppose -18480 = -30*g - 30*g - 60*g. Calculate the remainder when g is divided by 38.
2
Let l = 12524 + -12383. What is the remainder when 1284 is divided by l?
15
Let s be (-1 - 4)/(2/4). Let b be 5/s - (-22)/4. What is the remainder when 16 is divided by ((-1)/b)/((-1)/55)?
5
Calculate the remainder when (55/88)/(10/8)*3662 is divided by 911.
9
Suppose 115 = -12*p + 4375. Suppose -11*g + 16*g = p. What is the remainder when g is divided by 37?
34
Suppose 50*j - 2*j = 1920. What is the remainder when 384 is divided by j?
24
Let b(r) = -r**3 + 6*r**2 + 15*r + 4. Let p be b(8). Let w be (p*(-3)/4)/1. What is the remainder when ((-252)/49)/((-61)/(-21) - w) is divided by 15?
9
Suppose -3*l + 371 = 4*d, -10*d = -12*d + 10. Calculate the remainder when l is divided by 43.
31
Suppose -5*b + 6*u + 85 = 3*u, b + 2*u - 30 = 0. What is the remainder when 199 is divided by b?
19
Suppose 5*o + 5*g - 10 = 0, 5*o - 5 + 13 = g. Let y = -7 + 32. What is the remainder when y is divided by ((-7)/o)/(-1 - -2)?
4
Let l(q) = -q**2 + 3*q**2 - 4*q**2 - 2*q - 3*q**2 + 9*q**2 + 12. What is the remainder when l(2) is divided by 6?
0
What is the remainder when (-308)/(-21) + -14 + (-6573)/(-9) is divided by 117?
29
Suppose 29*s + 7986 = 54*s - 3*s. What is the remainder when s is divided by 130?
103
Suppose -q - 104 = -5*q + v, 0 = q + 5*v - 26. Suppose 5*f = -3*d + 63, -4*f + 6*f - 5*d = 50. Calculate the remainder when q is divided by f.
11
Suppose 2*u + 3148 = 5*c, 48*c - 51*c = 3*u - 1872. Calculate the remainder when c is divided by 178.
94
Suppose z - 12 = -5. Suppose -89 - 44 = -z*b. What is the remainder when 72 is divided by b?
15
Calculate the remainder when 574 is divided by 2*2 - (-18 + 20 + -61).
7
Let j be 12 - -8 - (-4 - -4). Suppose -51 = -j*u + 17*u. Calculate the remainder when 59 is divided by u.
8
Let j be (-35)/15 + 2/(-3). Let m(l) = 5390*l**2 - 2 - 5390*l**2 - l**3 + 2*l - 2. What is the remainder when 28 is divided by m(j)?
11
Let d(g) = 11*g**2 - g - 18. Let t be d(-5). Let q = -214 + t. What is the remainder when 81 is divided by q?
33
Let b(l) = -43 + 3*l**2 + 3*l + 47 - 4*l**2 + 10*l**2. What is the remainder when b(4) is divided by 41?
37
Suppose 0 = -35*d + 36*d - 193. Suppose 22*v - 71 - d = 0. Calculate the remainder when 287 is divided by v.
11
Let f(v) = 35*v + 142. Let b be f(-4). Suppose 3*t + t + 58 = 2*p, -34 = -b*p - 2*t. What is the remainder when 228 is divided by p?
18
Let g(y) = y**3 - 6*y**2 - 11*y - 35. Let d be g(8). What is the remainder when 9 + d - (1 + (-3 - -1)) is divided by 13?
2
Let b be 35/11 - (-26)/(-143). Suppose -b - 9 = -3*g. Suppose -o - 36 = -g*o. Calculate the remainder when 21 is divided by o.
9
Let l(x) = -x**3 - 9*x**2 + 64*x + 8. What is the remainder when l(4) is divided by 24?
8
Let u = 51 + -20. Let i be ((-6)/(-14) + 6/(-14))/(-1). Suppose i = 3*l - m - 363, -3*l - m + 195 = -162. Calculate the remainder when l is divided by u.
27
Suppose 5*g - 52 = 4*d, 4*d - 32 = -4*g - 12. Suppose -t + g = p - 0, -2*p + 14 = t. Calculate the remainder when (-2)/1*(1 - 453/p) is divided by 38.
35
Suppose -5485*h + 4390 = -5470*h + 25. Calculate the remainder when h is divided by 21.
18
Suppose 46*w = -104327 + 105201. What is the remainder when 2249 is divided by w?
7
Let m be (18/(-6))/((-1)/(-10)*-6). Calculate the remainder when 43 is divided by m/((-10)/(-52)) - 3.
20
Let g = 424 + -171. Let k = -324 + 449. Suppose -k - g = -7*m. What is the remainder when m is divided by 14?
12
Let h(c) = c + 29. Let p be h(31). Suppose p*d = 56*d + 60. Calculate the remainder when 87 is divided by d.
12
Suppose 3*i - 4*g = i + 70, 90 = 3*i - 3*g. Suppose -22*h + 376 = i*h. What is the remainder when 110 is divided by h?
6
Calculate the remainder when 909 is divided by 82 + 12 + (-280)/20.
29
Let x = 1461 + -1457. Suppose q = 2*z + 29, x*q = -2*z + z + 143. Calculate the remainder when q is divided by (4/2)/(2/3).
2
Let j(f) = 0 + 10*f - 8 - 2. Let r be j(26). Suppose -10*x + r = 50. Calculate the remainder when 78 is divided by 